9) + 15 + (-12 - -3)).
-10
What is the value of 16 + -29 + 14 - ((-2 - -2) + 2)?
-1
(1 - 2) + (31 - 17) + -6 - 31
-24
Evaluate (-1 - -46) + 10 + -24 + -4.
27
What is the value of -1 + 5 - (-22 - (-35 + 4))?
-5
Calculate 3 + -22 + 20 + 0.
1
1 - 17 - (-2 - 6 - -5)
-13
Evaluate 11 + 0 + -9 + 3.
5
5 + -2 + -4 + -41 + 39
-3
Calculate (1 - (3 - 4 - -7) - 21) + 0.
-26
Calculate (-39 - (-7 - 43)) + (-5 + 3 - -5).
14
What is (1 - 5) + 10 + -17 - -27?
16
What is (40 - -2) + -28 - -8?
22
Evaluate 7 + (22 - (-15 - -35)).
9
What is the value of 13 + 5 - (1 + 3 + 6 + -4)?
12
What is (11 - -3) + -18 + (-1 - -2 - 7)?
-10
(-23 + 12 - -11) + (-7 - 0)
-7
What is the value of 0 + -9 + (-5 - (26 + -48))?
8
What is -21 + (4 - (5 + (-10 - 1)))?
-11
What is the value of -7 - (-8 + 14 + -5 + -10)?
2
What is -2380 - -2376 - (0 - 20)?
16
What is the value of (-4 - -1) + (4 - (15 + -24))?
10
Calculate (2 - 4) + 5 + -1 - 1 - -7.
8
What is the value of 44 + -52 - ((-1 - 1) + 0 - 3)?
-3
(2 - 5) + -21 - ((-11 - -9) + 9)
-31
(3 - 11) + 14 + 4
10
What is (-42 - -3 - -9) + 28?
-2
Evaluate 16 + (-4 - -5 - 16 - -10).
11
-11 + -21 + 28 - (2 + -5 + 1)
-2
-1 + (-27 - (9 - (27 + -10)))
-20
What is the value of (-17 - -1) + (0 - -4)?
-12
What is -5 - (-6 + 10 + -3)?
-6
What is 8 - 11 - (6 + -3 + 4 - 0)?
-10
What is 4 + 2 + 6 + -27 + 2?
-13
What is the value of (-18 - 3) + 14 + 17?
10
Evaluate -4 + 24 - 19 - (1 + 6).
-6
Evaluate 0 - 4 - (934 + -940).
2
What is the value of 99 - 68 - (22 + -2)?
11
What is the value of 74 + -44 + -41 - (-15 + 3)?
1
What is the value of -11 - -1 - (2 + 0) - (56 + -60)?
-8
What is -2 + 0 + (50 - 39)?
9
Evaluate -8 + 0 - (-5 + 27 - 38).
8
Calculate -7 + (3 - -14 - 14).
-4
Calculate -6 + 3 - ((-23 - -6) + 0).
14
32 - (2 + 21 - 9)
18
Calculate -2 - (-23 - (-8 + (4 - 5))).
12
Evaluate 12 + (-2 - 2) + (3 - 5) - 3.
3
Evaluate 3 + -11 + (-5 - -10) + -4.
-7
Evaluate (1 - -26) + -26 - (0 + 10).
-9
Evaluate (6 + -22 + 9 - -5) + 7.
5
-12 - -13 - (-28 - -37)
-8
What is the value of 1 + -1 + -1 + -2 + -59 + 64?
2
What is the value of (-18 - (1 + -3)) + (-119 - -114)?
-21
Evaluate -1 - (-9 + -8 + -10).
26
What is the value of -1 + -9 + 34 + -34 + (1 - 1)?
-10
-7 - (2 - (7 + -4 - -2 - 5))
-9
(-6 + -5 - (-4 - 3)) + 4 + 0
0
Calculate -3 + (-5 - (5 + -3 + (3 - 4))).
-9
What is -18 + 12 + 17 + -11?
0
Evaluate -16 + 9 + (2 - 7 - (2 - 1)).
-13
What is 52 - (14 + 9) - 7?
22
(-5 - 3) + (-5 + 8 - -6)
1
What is 11 - (17 - 7) - -16?
17
6 + 2 - ((18 - -1) + -18)
7
What is the value of (-2 - -2 - (-12 + 5 + -10)) + 6?
23
What is the value of 3 + -6 + (19 - 14) + 6?
8
What is the value of -370 + 367 - (-3 + -6)?
6
Evaluate 0 + 2 + (4 - -3 - 7).
2
Calculate (-14 - -19 - -12 - (-3 - -13)) + 2.
9
Calculate 15 + -13 + -23 + 11.
-10
Calculate -1 + 18 - (-7 + -2 - (12 - 18)).
20
Evaluate -5 - -8 - (1 + 6 + -11) - 19.
-12
What is the value of -43 + -1 + 33 + (1 + -3 - -4)?
-9
Calculate 15 - 9 - 3 - -13.
16
What is the value of -4 + (-14 - -8) - (1 - 19) - 29?
-21
Evaluate 7 - (-8 - -3) - (-14 - -10).
16
What is the value of -12 - (-7 - 7 - -4) - 8?
-10
What is -32 - -25 - ((3 - 0) + (-18 - 0))?
8
-9 - (-3 - (14 + -14))
-6
What is -11 - ((36 - 43) + 4)?
-8
Evaluate (-18 - -22 - 21) + 13.
-4
Calculate 29 + 1 - (104 - 94).
20
What is (5 - 1) + -9 + 3 + (-4 - -2)?
-4
29 + (37 - 43 - ((9 - 4) + -3))
21
-14 - (-2 - (-1 - -4))
-9
Evaluate 0 + (1 - 1) + 5 + -10 + 7.
2
Calculate -1 - 12 - (-262 - -249).
0
What is the value of 917 - 921 - (0 - 1 - 4)?
1
Calculate 7 + (11 - 14) - 16 - -18.
6
3 - ((-3 - -8) + (6 - 16))
8
-3 + (-22 - 1) + (-6 - -11)
-21
8 + -2 + -5 + -15 - (-12 + 2)
-4
Evaluate -34 + (94 - 28) + -18.
14
What is the value of (50 - 31) + 2 + -14?
7
What is -17 - (-1 - (6 + 5))?
-5
What is the value of 0 + (0 - 9) + (420 - 403)?
8
Evaluate 0 - (-12 + 25) - (4 + (-8 - 3)).
-6
Calculate -6 - (-3 - -4) - (0 + 7 - 11).
-3
34 + (0 - 36) + -4
-6
What is 0 - (0 + -5) - (-13 - -9)?
9
(-2 - 21) + 18 - -17
12
What is (38 - (27 + -10)) + -15?
6
Calculate -25 + 17 + 5 + -9.
-12
What is the value of -16 + (22 - (-16 + 14)) + 4?
12
(7 - (15 + 0) - -7) + 13 + 4
16
Calculate (8 - 1) + -4 + 10 + 0.
13
-3 - 1 - (83 - (-15 - -91))
-11
-9 + -1 + -583 + 604
11
Evaluate -19 + (8 - 6) + 5.
-12
Calculate 127 - 122 - (-7 - 0).
12
Calculate 12 + (7 - 7) + (-34 - -23).
1
What is 19 - -9 - 12 - (9 + -1)?
8
Evaluate 17 + -35 - -11 - -21.
14
15 + (4 - ((-1 - (5 - 5)) + 6))
14
What is -5 - (-19 - -9) - (14 + -4)?
-5
What is the value of -9 - ((5 - (-2 - -6 - -5)) + -1)?
-4
11 + -1 + -1 + -2 + (80 - 79)
8
What is the value of 9 + 3 + (-1 - 0 - (26 + -24))?
9
Calculate (-1 - 14) + 518 + -505.
-2
Evaluate -9 + 18 + -10 + -8.
-9
6 + 5 + (6 - (-5 + -9 - -22))
9
Evaluate 14 - (22 + 12 + (-36 - -12)).
4
Evaluate 84 + -104 - (1 - 16).
-5
Calculate -6 - -5 - (-42 + 31) - (2 - -36).
-28
(-1 + -3 - 3 - (-36 + -2)) + -8
23
(-4 - -1) + (-18 - -15) + 5
-1
Calculate -9 + (-172 - -178) + (16 + 3 - 0).
16
Calculate (-24 - (-3 - 24)) + -17.
-14
What is (10 - (18 + -22 - -12)) + (-1 - 0)?
1
What is the value of (8 - 21 - 4) + 26?
9
Evaluate -11 + (-12 - 1 - -38) - (8 + 0).
6
Calculate (-3 - -12 - 14) + 1 + -8.
-12
Calculate -2 - (6 - (5 + 6 + -4)) - -11.
10
8 + (6 - 10) - -10 - (8 + -16)
22
What is -2 + (-26 - (-3 - 22) - (-1 - -3))?
-5
-20 - (1 + 19 + -22 - (2 - 1))
-17
What is the value of 0 + -1 + 9 + (276 - 272) + -2?
10
Calculate (-13 - 3 - -6) + 17 - (2 - -3).
2
What is the value of -1 + -19 + (1033 - 990)?
23
Calculate -6 + (9 - (9 + -14 - 5)).
13
Calculate ((-1 + 7 - 1) + -14 - 13) + 7.
-15
What is (84 - (-6 - -76)) + 1 + -26?
-11
Evaluate 3 + 9 + -6 + -12 + 17 + -13.
-2
Calculate 2 + 2 - -1 - (4 + (-2 - -2)).
1
What is the value of 14 + -3 + 2 - (-7 + 8 + 5)?
7
12 + 3 + (0 + 5 + -3 - 6)
11
What is the value of -5 + 2 + 18 + -18?
-3
75 + (25 - 68) + 3
35
Evaluate (1 - -6 - (-13 + 17)) + (1 - -15).
19
What is the value of 11 + -4 + (5 - (-6 + 12 - 2))?
8
What is the value of 8 + -30 + 11 - (-7 + 1)?
-5
-12 + -12 + 31 + -23
-16
What is the value of 2 + (-6 - -12) + -5 + -8?
-5
-12 + (19 + -15 - 6)
-14
Calculate (-3 + 2 - (-7 - -12)) + (6 - -2).
2
-48 - (-6 + -15) - -8
-19
(-9 - 1) + (25 + -30 - (4 + -4))
-15
What is the value of -10 - (0 - (-2 - (-6 + 7) - -4))?
-9
Calculate -5 - 18 - (-12 + (27 - (-3 + 15))).
-26
What is the value of (-34 - (-12 + 15)) + 2 - -13?
-22
What is the value of 1 - (-22 - -6) - 21?
-4
What is the value of -18 - (-5 - (4 + (-3 - (9 + -12))))?
-9
Calculate (-11 - 0) + 13 + 0.
2
76 - 80 - (-8 + 1)
3
Evaluate 3 + 4 + 1 + (-4 - -2).
6
(-7 - (-12 - -15)) + 9
-1
Calculate (3 - -9) + -4 - ((-27 - 0) + 38).
-3
What is 1 + -2 + 9 - (-14 + -49 + 58)?
13
What is -12 - -21 - 19 - (-3 + 2 - -12)?
-21
Evaluate (-1 - 7) + (-15 - (-9 + 19 + -19)).
-14
Calculate -3 + 2 + 2 + -13.
-12
Calculate -1 - 0 - -7 - (811 - 823) - -4.
22
Evaluate 3 + -35 - (673 + -690).
-15
4 + (-27 - (28 + -39))
-12
(-7 - 12 - -19) + (4 - (-26 - -4))
26
Calculate 0 + -3 - (-14 + 2 + 2 - -12).
-5
Calculate (-16 - -68 - 38) + (1 - 14).
1
Calculate -12 - (-14 + 6 + 5).
-9
5 + (15 - -23) + (-11 - -1)
33
-6 + (-16 - -59) + -36
1
(2 + (23 - 23) - (3 + 29)) + 10
-20
What is -20 - -2 - (-37 + (14 - 32))?
37
6 - (5 + 25 + -18)
-6
What is -5209 + 5195 - ((-1 - 5) + -1)?
-7
Calculate (-5 - 0) + -3 + (-10 - 8 - -41).
15
(45 - (88 - -36)) + 42
-37
Calculate -4 + (17 - ((9 - 5 - 2) + 8)).
3
What is (-6 - (-3 - (16 - 6)) - 2) + 24?
29
Evaluate 11 - (7 + 20 + -28).
12
What is 5 + -4 + 0 + -1 + 8 + -14?
-6
Calculate -16 + 20 + -6 + 1 + 3.
2
Calculate 28 - (25 + (11 - 10)).
2
What is -3 + (12 - 3) - (-8 - -17 - 2)?
-1
Evaluate 6 + -30 + -2 + 8 + 5 + 0.
-13
What is -7 + (10 + -2 - 13)?
-12
What is -50 + (12 + -18 - -28)?
-28
What is the value of -1347 - -1376 - (2 - (-3 + -7))?
17
What is the value of (-51 - -43) + 23 + -11?
4
-17 - (-28 - 16) - 18
9
What is (-11 - -5 - -14) + (-2 - 7)?
-1
Evaluate -4 + -12 - (-75 - -61).
-2
Calculate (-24 - 0 - (-12 - 22)) + (0 - 3).
7
What is the value of 1 + (-3 + (-7 - -19) + -10 - 29)?
-29
What is the value of 29 + (-12 - (-29 + 25))?
21
What is the value of 21 - (65 - (-17 - -62))?
1
What is 1 + 22 + (-163 - -177 - (21 + 1))?
15
Calculate (0 - -23) + 14 + (-13 - 8).
16
Calculate 7 + -4 + 3 - 15 - -6.
-3
Evaluate (-9 + -15 +